t(20).
-213
Let s(i) = i**2 - 20*i - 73. Calculate s(-15).
452
Let m(t) = 458*t - 915. Give m(2).
1
Let v(m) = -m**3 - 11*m**2 - 11*m - 10. What is v(0)?
-10
Let j(w) = -26*w - 687. Give j(-27).
15
Let y(i) = i**2 - 24*i - 141. Calculate y(29).
4
Let h(m) = -m**3 + 6*m**2 - 2*m - 18. Determine h(6).
-30
Let r(y) = 25*y + 102. Determine r(-6).
-48
Let k(v) = 74*v - 810. Calculate k(13).
152
Let v(g) = g**2 - 92*g + 1399. Determine v(15).
244
Let s(j) = j**2 - 12*j - 458. Calculate s(31).
131
Let j(k) = 2*k**3 + 80*k**2 - 2*k - 173. Determine j(-40).
-93
Let k(w) = -3*w**3 - 39*w**2 - 70*w - 18. Calculate k(-11).
26
Let s(t) = t**3 + 49*t**2 + 72*t + 1184. Calculate s(-48).
32
Let c(o) = -o**3 - 2*o**2 + 25*o + 81. Calculate c(-3).
15
Let x(u) = 41*u**2 - 408*u - 20. Determine x(10).
0
Let c(z) = -23*z**2 - 3174*z - 4. Calculate c(-138).
-4
Let g(m) = -m**2 + 29*m + 566. Calculate g(-15).
-94
Let u(j) = 24*j**2 + 182*j - 76. Give u(-8).
4
Let t(i) = -i**2 - 47*i - 494. Determine t(-36).
-98
Let p(n) = -944*n + 2831. What is p(3)?
-1
Let o(t) = t**3 + 9*t**2 + 48*t + 2. Determine o(-7).
-236
Let y(c) = -2*c**3 + 43*c**2 + 6*c + 348. Determine y(22).
-4
Let s(g) = 2*g**2 + 15*g - 16. Give s(1).
1
Let w(u) = -u**3 + 10*u**2 + 49*u - 122. Determine w(13).
8
Let r(m) = m**3 + 60*m**2 + 174*m - 6. Give r(-3).
-15
Let w(r) = r**3 + 11*r**2 - 12*r - 208. Give w(-5).
2
Let z(x) = -42*x - 3809. Determine z(-91).
13
Let v(w) = -19*w - 612. Calculate v(-29).
-61
Let w(a) = -130*a**2 - 1041*a - 4. What is w(-8)?
4
Let o(y) = -y**3 - 120*y**2 - 126*y - 838. Give o(-119).
-5
Let j(m) = 778*m - 21786. Give j(28).
-2
Let s(g) = 15*g**2 + 682*g - 371. Give s(-46).
-3
Let w(a) = -a**3 + 41*a**2 - 28*a - 1950. What is w(39)?
0
Let w(a) = -a**3 - 35*a**2 - 33*a + 41. Determine w(-34).
7
Let a(d) = d**2 - 140*d + 4411. Determine a(46).
87
Let v(w) = -3*w**3 - 63*w**2 - w + 2. Determine v(-21).
23
Let g(k) = -511*k**3 - 11*k**2 - 2*k. Give g(1).
-524
Let w(o) = -65*o**3 + 7*o**2 + 4*o - 5. What is w(-2)?
535
Let w(a) = -18*a**2 + 318*a + 109. Calculate w(18).
1
Let y(h) = -h**3 + 12*h - 57. Determine y(0).
-57
Let h(d) = 11*d**2 + d - 124. Calculate h(-3).
-28
Let k(z) = -5279*z + 116143. Determine k(22).
5
Let k(h) = -h**3 + 6*h**2 + 101*h - 623. Determine k(6).
-17
Let z(x) = 882*x - 6170. Give z(7).
4
Let i(u) = 5927*u - 35566. Determine i(6).
-4
Let a(m) = 2045*m + 24533. Give a(-12).
-7
Let k(b) = 6*b**3 - 3*b**2 + b - 2. Determine k(2).
36
Let s(x) = 277*x - 16629. What is s(60)?
-9
Let q(x) = 3*x**3 - 18*x**2 + 29*x - 25. What is q(3)?
-19
Let w(x) = 38*x - 69. Give w(2).
7
Let d(a) = -33*a**2 + 4*a - 3. Calculate d(1).
-32
Let q(i) = -i**2 + 62*i + 598. What is q(70)?
38
Let v(n) = -2*n**3 - 188*n**2 - 188*n - 187. Give v(-93).
-1
Let p(c) = -23*c**2 - 8*c + 49. Determine p(4).
-351
Let w(i) = -3*i**3 + 40*i**2 - 132*i. Give w(6).
0
Let i(s) = -571*s + 5166. Determine i(9).
27
Let b(v) = -4*v**3 + 8*v**2 + 16*v - 36. Calculate b(2).
-4
Let j(z) = -3*z**2 + 69*z - 1. Calculate j(22).
65
Let y(a) = -a**3 - 7*a**2 + 8*a + 133. Give y(-7).
77
Let g(h) = 15*h**2 + 93*h - 14. Determine g(-6).
-32
Let b(w) = -390*w - 3881. Give b(-10).
19
Let q(r) = -r**2 + 9*r - 145. Give q(14).
-215
Let d(a) = -a**2 - 2224*a - 15523. Give d(-7).
-4
Let r(s) = -4*s**3 - 2*s**2 + 4*s + 1. Calculate r(2).
-31
Let c(d) = -3*d**2 - 24*d - 97. What is c(-10)?
-157
Let w(v) = -2*v**2 - 16*v + 44. Give w(-13).
-86
Let o(k) = -40*k - 2585. What is o(-78)?
535
Let r(n) = 2*n**2 - 2*n - 13. Give r(7).
71
Let s(g) = -2*g**3 - 47*g**2 + 107*g - 90. Calculate s(-26).
508
Let i(q) = q**2 + 52*q + 667. Calculate i(-22).
7
Let s(a) = a**2 + 42*a - 1951. What is s(28)?
9
Let k(d) = -214*d - 376. Calculate k(-2).
52
Let m(j) = 1286*j - 10317. Give m(8).
-29
Let m(d) = 13*d**2 - 120*d + 146. Calculate m(8).
18
Let p(h) = 10*h**2 + 118*h - 18. What is p(-12)?
6
Let f(w) = -w**3 - 62*w**2 + 108*w - 1306. Calculate f(-64).
-26
Let l(k) = k**2 - 82*k + 1747. Calculate l(34).
115
Let o(b) = b**3 + 33*b**2 - b - 9. Calculate o(-33).
24
Let m(c) = -2*c**3 - 25*c**2 + 12*c + 7. Give m(-11).
-488
Let u(y) = -24*y + 1958. Calculate u(82).
-10
Let t(o) = -7*o**2 + 24*o + 2. Calculate t(4).
-14
Let h(a) = 52*a**2 + 1397*a - 2798. What is h(2)?
204
Let f(g) = -2*g**3 + g**2 + 18*g + 5. Calculate f(4).
-35
Let j(x) = -50*x + 750. Calculate j(15).
0
Let b(a) = -166*a + 5445. Calculate b(32).
133
Let t(m) = -856*m - 2543. What is t(-3)?
25
Let x(i) = i**2 + 20*i + 41. Calculate x(-14).
-43
Let c(a) = 4*a**2 - 245*a - 58. Determine c(61).
-119
Let c(a) = a**3 - 69*a**2 + 72*a - 131. What is c(68)?
141
Let a(l) = -7*l**2 - l - 55. What is a(7)?
-405
Let i(b) = -b**3 + 28*b**2 - 3*b - 41. Determine i(28).
-125
Let x(g) = -g**3 + 35*g**2 - 7*g - 44. What is x(35)?
-289
Let g(q) = -q**3 + 7*q**2 - 6*q + 25. What is g(8)?
-87
Let o(g) = -47*g + 3. What is o(-6)?
285
Let p(y) = -4*y**2 - 445*y + 3180. What is p(-118)?
-6
Let o(c) = 15*c**2 - 170*c + 307. Determine o(9).
-8
Let w(k) = k**3 + k**2 - 43*k + 116. What is w(-8)?
12
Let o(z) = -45*z + 1718. Give o(38).
8
Let s(b) = -2181*b + 104659. What is s(48)?
-29
Let a(l) = 104*l - 2400. Give a(24).
96
Let t(l) = -62*l - 1308. Determine t(-20).
-68
Let g(c) = 14*c**2 + 25*c - 24. Give g(1).
15
Let p(c) = c**3 - 10*c**2 - 97*c - 18. Give p(16).
-34
Let v(b) = -2*b**2 - 111*b + 1372. Calculate v(-66).
-14
Let t(z) = -128*z + 113. Calculate t(1).
-15
Let a(k) = k + 61. Calculate a(-39).
22
Let g(z) = -z**3 - 32*z**2 + 1141*z + 36557. What is g(-33)?
-7
Let y(n) = n**3 + 12*n**2 + 27*n + 9. Determine y(-7).
65
Let w(z) = -z**3 - 7*z**2 - 9*z - 12. Determine w(-8).
124
Let i(u) = u**3 - 30*u**2 - 68*u + 2042. What is i(30)?
2
Let v(q) = q**2 - 3*q - 179. Determine v(0).
-179
Let b(f) = -40*f + 601. What is b(15)?
1
Let j(l) = 903*l + 19839. Calculate j(-22).
-27
Let u(d) = d**2 + 107*d + 675. What is u(-7)?
-25
Let p(k) = -3*k**3 + 51*k**2 + k - 25. Determine p(17).
-8
Let d(o) = 172*o + 3252. What is d(-19)?
-16
Let g(i) = 2546*i + 25458. What is g(-10)?
-2
Let l(h) = 101*h + 5353. Calculate l(-55).
-202
Let b(c) = c**3 - 28*c**2 + 4*c - 70. Give b(28).
42
Let q(d) = d**2 - 164*d - 6175. Determine q(-31).
-130
Let b(c) = -11*c**3 + c**2 - 108*c + 108. Determine b(1).
-10
Let t(s) = -5*s**2 + 5*s - 10. Give t(-5).
-160
Let q(c) = 22*c**2 + 394*c - 40. Determine q(-18).
-4
Let u(j) = 38*j**2 - 839*j + 61. Determine u(22).
-5
Let v(h) = -h**3 + 48*h**2 + 103*h - 96. What is v(50)?
54
Let v(a) = -a**3 - 23*a**2 + 6*a - 423. Give v(-24).
9
Let j(c) = -22*c**2 + 11*c + 12. Determine j(6).
-714
Let r(x) = x**3 + 30*x**2 - 352*x + 10. Give r(9).
1
Let v(m) = 535*m + 56186. Determine v(-105).
11
Let u(j) = -2*j**3 - 4*j**2 - 10*j - 13. Calculate u(-2).
7
Let y(u) = 317*u - 1262. Give y(4).
6
Let t(u) = 62*u - 678. What is t(11)?
4
Let w(l) = -3*l**2 + 65*l + 356. Determine w(-6).
-142
Let g(l) = l**3 + 34*l**2 + 153*l + 33. What is g(-5)?
-7
Let l(a) = -a**2 - 47*a - 32. Determine l(-47).
-32
Let l(o) = -2*o**2 - 52*o + 63. What is l(-28)?
-49
Let x(r) = r**2 - 22*r + 125. Determine x(13).
8
Let o(u) = u**3 + 5*u**2 - 30*u - 36. Give o(-8).
12
Let d(n) = -6*n**3 + 204*n**2 + 212*n - 61. Determine d(35).
9
Let m(r) = -r**2 + 583. What is m(13)?
414
Let s(l) = -l**3 + 5*l**2 + 7*l. Calculate s(3).
39
Let s(f) = 220*f - 3. Determine s(1).
217
Let p(c) = 5*c + 32. What is p(-7)?
-3
Let o(j) = -97*j + 577. What is o(5)?
92
Let a(m) = 2*m**3 + 11*m**2 + m - 42. Calculate a(-7).
-196
Let k(i) = 754*i - 9786. Determine k(13).
16
Let m(l) = -2*l**2 - 116*l - 618. What is m(-6)?
6
Let y(u) = -280*u - 94. Determine y(0).
-94
Let m(l) = -l**3 - 16*l**2 - 34*l - 94. Give m(-14).
-10
Let x(a) = -a**3 - 12*a**2 + 69*a + 76. Give x(-16).
-4
Let m(n) = 3*n**3 + 40*n**2 + 134*n + 11. Determine m(-7).
4
Let i(x) = x**2 - 6*x - 1477. Calculate i(39).
-190
Let p(l) = 10*l**2 + 12*l + 30. Calculate p(-3).
84
Let f(s) = -47*s - 132. Calculate f(-3).
9
Let u(h) = 25*h + 140. Calculate u(-11).
-135
Let d(a) = -3*a**3 + 138*a**2 + 144*a - 141. Give d(47).
0
Let c(j) = -j**3 + 4*j**2 + 18*j - 9. Calculate c(0).
-9
Let t(o) = -5*o**2 + 639*o - 2469. Calculate t(4).
7
Let j(a) = -18*a**2 - 644*a + 102. What is 